[INFO] cloning repository https://github.com/gatewaynode/rocket-gatewaynode-com
[INFO] running `Command { std: "git" "-c" "credential.helper=" "-c" "credential.helper=/workspace/cargo-home/bin/git-credential-null" "clone" "--bare" "https://github.com/gatewaynode/rocket-gatewaynode-com" "/workspace/cache/git-repos/https%3A%2F%2Fgithub.com%2Fgatewaynode%2Frocket-gatewaynode-com", kill_on_drop: false }`
[INFO] [stderr] Cloning into bare repository '/workspace/cache/git-repos/https%3A%2F%2Fgithub.com%2Fgatewaynode%2Frocket-gatewaynode-com'...
[INFO] running `Command { std: "git" "rev-parse" "HEAD", kill_on_drop: false }`
[INFO] [stdout] 4295cf37afb4e9d8770f2c9e1cc27f70aa493bc4
[INFO] checking gatewaynode/rocket-gatewaynode-com against try#72f88fc4e9458f89516a0b8b0868f3718aec5b47 for pr-74989
[INFO] running `Command { std: "git" "clone" "/workspace/cache/git-repos/https%3A%2F%2Fgithub.com%2Fgatewaynode%2Frocket-gatewaynode-com" "/workspace/builds/worker-11/source", kill_on_drop: false }`
[INFO] [stderr] Cloning into '/workspace/builds/worker-11/source'...
[INFO] [stderr] done.
[INFO] validating manifest of git repo https://github.com/gatewaynode/rocket-gatewaynode-com on toolchain 72f88fc4e9458f89516a0b8b0868f3718aec5b47
[INFO] running `Command { std: "/workspace/cargo-home/bin/cargo" "+72f88fc4e9458f89516a0b8b0868f3718aec5b47" "read-manifest" "--manifest-path" "Cargo.toml", kill_on_drop: false }`
[INFO] started tweaking git repo https://github.com/gatewaynode/rocket-gatewaynode-com
[INFO] finished tweaking git repo https://github.com/gatewaynode/rocket-gatewaynode-com
[INFO] tweaked toml for git repo https://github.com/gatewaynode/rocket-gatewaynode-com written to /workspace/builds/worker-11/source/Cargo.toml
[INFO] crate git repo https://github.com/gatewaynode/rocket-gatewaynode-com already has a lockfile, it will not be regenerated
[INFO] running `Command { std: "/workspace/cargo-home/bin/cargo" "+72f88fc4e9458f89516a0b8b0868f3718aec5b47" "fetch" "--locked" "--manifest-path" "Cargo.toml", kill_on_drop: false }`
[INFO] [stderr]  Downloading crates ...
[INFO] [stderr]   Downloaded redox_users v0.3.5
[INFO] [stderr]   Downloaded rust-argon2 v0.8.2
[INFO] [stderr]   Downloaded indexmap v1.5.2
[INFO] [stderr]   Downloaded rocket_cors v0.5.2
[INFO] [stderr]   Downloaded error-chain v0.12.4
[INFO] [stderr]   Downloaded parse-zoneinfo v0.3.0
[INFO] [stderr]   Downloaded chrono-tz v0.5.3
[INFO] [stderr]   Downloaded ignore v0.4.16
[INFO] [stderr]   Downloaded unicase_serde v0.1.0
[INFO] [stderr]   Downloaded globset v0.4.5
[INFO] [stderr]   Downloaded globwalk v0.8.0
[INFO] [stderr]   Downloaded unic-char-property v0.9.0
[INFO] [stderr]   Downloaded unic-common v0.9.0
[INFO] [stderr]   Downloaded unic-ucd-version v0.9.0
[INFO] [stderr]   Downloaded unic-ucd-segment v0.9.0
[INFO] [stderr]   Downloaded unic-segment v0.9.0
[INFO] [stderr]   Downloaded pipeline v0.5.0
[INFO] [stderr]   Downloaded filetime v0.2.12
[INFO] [stderr]   Downloaded unic-char-range v0.9.0
[INFO] [stderr]   Downloaded tera v1.5.0
[INFO] [stderr]   Downloaded markdown v0.3.0
[INFO] running `Command { std: "docker" "create" "-v" "/var/lib/crater-agent-workspace/builds/worker-11/target:/opt/rustwide/target:rw,Z" "-v" "/var/lib/crater-agent-workspace/builds/worker-11/source:/opt/rustwide/workdir:ro,Z" "-v" "/var/lib/crater-agent-workspace/cargo-home:/opt/rustwide/cargo-home:ro,Z" "-v" "/var/lib/crater-agent-workspace/rustup-home:/opt/rustwide/rustup-home:ro,Z" "-e" "SOURCE_DIR=/opt/rustwide/workdir" "-e" "CARGO_TARGET_DIR=/opt/rustwide/target" "-e" "CARGO_HOME=/opt/rustwide/cargo-home" "-e" "RUSTUP_HOME=/opt/rustwide/rustup-home" "-w" "/opt/rustwide/workdir" "-m" "1610612736" "--user" "0:0" "--network" "none" "rustops/crates-build-env@sha256:d92eaeed33fa75130ca1ee6c8a01d1ffb62bac859dfdfb3450e3e5d1c0146529" "/opt/rustwide/cargo-home/bin/cargo" "+72f88fc4e9458f89516a0b8b0868f3718aec5b47" "metadata" "--no-deps" "--format-version=1", kill_on_drop: false }`
[INFO] [stdout] 7a6011314ad27a35da8e7e0fb73e3007be9c2cfd02b07eef1f1a7c7a6a0a8bfa
[INFO] [stderr] WARNING: Your kernel does not support swap limit capabilities or the cgroup is not mounted. Memory limited without swap.
[INFO] running `Command { std: "docker" "start" "-a" "7a6011314ad27a35da8e7e0fb73e3007be9c2cfd02b07eef1f1a7c7a6a0a8bfa", kill_on_drop: false }`
[INFO] running `Command { std: "docker" "inspect" "7a6011314ad27a35da8e7e0fb73e3007be9c2cfd02b07eef1f1a7c7a6a0a8bfa", kill_on_drop: false }`
[INFO] running `Command { std: "docker" "rm" "-f" "7a6011314ad27a35da8e7e0fb73e3007be9c2cfd02b07eef1f1a7c7a6a0a8bfa", kill_on_drop: false }`
[INFO] [stdout] 7a6011314ad27a35da8e7e0fb73e3007be9c2cfd02b07eef1f1a7c7a6a0a8bfa
[INFO] running `Command { std: "docker" "create" "-v" "/var/lib/crater-agent-workspace/builds/worker-11/target:/opt/rustwide/target:rw,Z" "-v" "/var/lib/crater-agent-workspace/builds/worker-11/source:/opt/rustwide/workdir:ro,Z" "-v" "/var/lib/crater-agent-workspace/cargo-home:/opt/rustwide/cargo-home:ro,Z" "-v" "/var/lib/crater-agent-workspace/rustup-home:/opt/rustwide/rustup-home:ro,Z" "-e" "SOURCE_DIR=/opt/rustwide/workdir" "-e" "CARGO_TARGET_DIR=/opt/rustwide/target" "-e" "CARGO_INCREMENTAL=0" "-e" "RUST_BACKTRACE=full" "-e" "RUSTFLAGS=--cap-lints=forbid" "-e" "CARGO_HOME=/opt/rustwide/cargo-home" "-e" "RUSTUP_HOME=/opt/rustwide/rustup-home" "-w" "/opt/rustwide/workdir" "-m" "1610612736" "--user" "0:0" "--network" "none" "rustops/crates-build-env@sha256:d92eaeed33fa75130ca1ee6c8a01d1ffb62bac859dfdfb3450e3e5d1c0146529" "/opt/rustwide/cargo-home/bin/cargo" "+72f88fc4e9458f89516a0b8b0868f3718aec5b47" "check" "--frozen" "--all" "--all-targets" "--message-format=json", kill_on_drop: false }`
[INFO] [stdout] e8340885b6d02a8a778931fa4de57e03bc14615a39f7e8af2faf4e6ad0660e50
[INFO] [stderr] WARNING: Your kernel does not support swap limit capabilities or the cgroup is not mounted. Memory limited without swap.
[INFO] running `Command { std: "docker" "start" "-a" "e8340885b6d02a8a778931fa4de57e03bc14615a39f7e8af2faf4e6ad0660e50", kill_on_drop: false }`
[INFO] [stderr]     Checking cfg-if v0.1.10
[INFO] [stderr]    Compiling memchr v2.3.3
[INFO] [stderr]    Compiling bitflags v1.2.1
[INFO] [stderr]    Compiling unicode-xid v0.1.0
[INFO] [stderr]     Checking lazy_static v1.4.0
[INFO] [stderr]    Compiling syn v1.0.39
[INFO] [stderr]     Checking opaque-debug v0.2.3
[INFO] [stderr]    Compiling regex-syntax v0.6.18
[INFO] [stderr]     Checking unic-char-range v0.7.0
[INFO] [stderr]     Checking unic-common v0.7.0
[INFO] [stderr]     Checking fnv v1.0.7
[INFO] [stderr]     Checking deunicode v0.4.3
[INFO] [stderr]     Checking humansize v1.1.0
[INFO] [stderr]     Checking glob v0.2.11
[INFO] [stderr]     Checking pipeline v0.5.0
[INFO] [stderr]    Compiling num-traits v0.2.12
[INFO] [stderr]    Compiling indexmap v1.5.2
[INFO] [stderr]    Compiling num-integer v0.1.43
[INFO] [stderr]    Compiling unicase v2.6.0
[INFO] [stderr]    Compiling error-chain v0.12.4
[INFO] [stderr]    Compiling thread_local v1.0.1
[INFO] [stderr]     Checking miniz_oxide v0.4.1
[INFO] [stderr]     Checking log v0.4.11
[INFO] [stderr]    Compiling proc-macro2 v0.4.30
[INFO] [stderr]     Checking unic-ucd-version v0.7.0
[INFO] [stderr]     Checking idna v0.1.5
[INFO] [stderr]     Checking idna v0.2.0
[INFO] [stderr]     Checking time v0.1.44
[INFO] [stderr]     Checking getrandom v0.1.14
[INFO] [stderr]     Checking net2 v0.2.34
[INFO] [stderr]     Checking filetime v0.2.12
[INFO] [stderr]     Checking dirs-sys v0.3.5
[INFO] [stderr]     Checking unic-char-property v0.7.0
[INFO] [stderr]     Checking slug v0.1.4
[INFO] [stderr]     Checking crossbeam-utils v0.7.2
[INFO] [stderr]     Checking log v0.3.9
[INFO] [stderr]     Checking rand_core v0.5.1
[INFO] [stderr]     Checking unic-ucd-segment v0.7.0
[INFO] [stderr]     Checking dirs v3.0.1
[INFO] [stderr]     Checking polyval v0.3.3
[INFO] [stderr]     Checking aes-soft v0.3.3
[INFO] [stderr]     Checking sha2 v0.8.2
[INFO] [stderr]     Checking mio v0.6.22
[INFO] [stderr]     Checking backtrace v0.3.50
[INFO] [stderr]     Checking mime v0.2.6
[INFO] [stderr]    Compiling quote v0.6.13
[INFO] [stderr]     Checking rand_chacha v0.2.2
[INFO] [stderr]     Checking ghash v0.2.3
[INFO] [stderr]     Checking url v1.7.2
[INFO] [stderr]    Compiling hyper v0.10.16
[INFO] [stderr]     Checking inotify v0.7.1
[INFO] [stderr]     Checking url v2.1.1
[INFO] [stderr]     Checking aes v0.3.2
[INFO] [stderr]     Checking aho-corasick v0.7.13
[INFO] [stderr]     Checking bstr v0.2.13
[INFO] [stderr]     Checking unicase_serde v0.1.0
[INFO] [stderr]    Compiling cookie v0.11.3
[INFO] [stderr]     Checking unic-segment v0.7.0
[INFO] [stderr]    Compiling syn v0.15.44
[INFO] [stderr]     Checking rand v0.7.3
[INFO] [stderr]     Checking aes-gcm v0.5.0
[INFO] [stderr]     Checking mio-extras v2.0.6
[INFO] [stderr]     Checking notify v4.0.15
[INFO] [stderr]     Checking chrono v0.4.15
[INFO] [stderr]     Checking regex v1.3.9
[INFO] [stderr]     Checking globset v0.4.5
[INFO] [stderr]     Checking markdown v0.3.0
[INFO] [stderr]     Checking ignore v0.4.16
[INFO] [stderr]     Checking globwalk v0.8.0
[INFO] [stderr]    Compiling parse-zoneinfo v0.3.0
[INFO] [stderr]    Compiling pest_generator v2.1.3
[INFO] [stderr]    Compiling chrono-tz v0.5.3
[INFO] [stderr]    Compiling pest_derive v2.1.0
[INFO] [stderr]    Compiling serde_derive v1.0.115
[INFO] [stderr]    Compiling diesel_derives v1.4.1
[INFO] [stderr]    Compiling devise_core v0.2.0
[INFO] [stderr]     Checking tera v0.11.20
[INFO] [stderr]    Compiling pear_codegen v0.1.4
[INFO] [stderr]    Compiling devise_codegen v0.2.0
[INFO] [stderr]    Compiling devise v0.2.0
[INFO] [stderr]    Compiling pear v0.1.4
[INFO] [stderr]     Checking rocket_http v0.4.5
[INFO] [stderr]     Checking diesel v1.4.5
[INFO] [stderr]     Checking tera v1.5.0
[INFO] [stderr]    Compiling rocket_codegen v0.4.5
[INFO] [stderr]     Checking rocket v0.4.5
[INFO] [stderr]     Checking rocket_contrib v0.4.5
[INFO] [stderr]     Checking rocket_cors v0.5.2
[INFO] [stderr]     Checking rocket-gatewaynode-com v0.1.0 (/opt/rustwide/workdir)
[INFO] [stdout] error[E0433]: failed to resolve: use of undeclared type or module `rocket_gatewaynode_com`
[INFO] [stdout]   --> src/main.rs:16:5
[INFO] [stdout]    |
[INFO] [stdout] 16 | use rocket_gatewaynode_com::models::{Post, Link};
[INFO] [stdout]    |     ^^^^^^^^^^^^^^^^^^^^^^ use of undeclared type or module `rocket_gatewaynode_com`
[INFO] [stdout] 
[INFO] [stdout] 
[INFO] [stdout] error[E0432]: unresolved imports `rocket_gatewaynode_com`, `rocket_gatewaynode_com::models::Post`, `rocket_gatewaynode_com::models::Link`
[INFO] [stdout]   --> src/main.rs:15:5
[INFO] [stdout]    |
[INFO] [stdout] 15 | use rocket_gatewaynode_com::*;
[INFO] [stdout]    |     ^^^^^^^^^^^^^^^^^^^^^^ use of undeclared type or module `rocket_gatewaynode_com`
[INFO] [stdout] 16 | use rocket_gatewaynode_com::models::{Post, Link};
[INFO] [stdout]    |                                      ^^^^  ^^^^
[INFO] [stdout] 
[INFO] [stdout] 
[INFO] [stdout] error[E0433]: failed to resolve: use of undeclared type or module `rocket_gatewaynode_com`
[INFO] [stdout]   --> src/main.rs:16:5
[INFO] [stdout]    |
[INFO] [stdout] 16 | use rocket_gatewaynode_com::models::{Post, Link};
[INFO] [stdout]    |     ^^^^^^^^^^^^^^^^^^^^^^ use of undeclared type or module `rocket_gatewaynode_com`
[INFO] [stdout] 
[INFO] [stdout] 
[INFO] [stdout] error[E0432]: unresolved imports `rocket_gatewaynode_com`, `rocket_gatewaynode_com::models::Post`, `rocket_gatewaynode_com::models::Link`
[INFO] [stdout]   --> src/main.rs:15:5
[INFO] [stdout]    |
[INFO] [stdout] 15 | use rocket_gatewaynode_com::*;
[INFO] [stdout]    |     ^^^^^^^^^^^^^^^^^^^^^^ use of undeclared type or module `rocket_gatewaynode_com`
[INFO] [stdout] 16 | use rocket_gatewaynode_com::models::{Post, Link};
[INFO] [stdout]    |                                      ^^^^  ^^^^
[INFO] [stdout] 
[INFO] [stdout] 
[INFO] [stdout] error[E0412]: cannot find type `Post` in this scope
[INFO] [stdout]   --> src/main.rs:36:16
[INFO] [stdout]    |
[INFO] [stdout] 36 |     posts: Vec<Post>,
[INFO] [stdout]    |                ^^^^ not found in this scope
[INFO] [stdout]    |
[INFO] [stdout] help: there is an enum variant `crate::Method::Post` and 3 others; try using the variant's enum
[INFO] [stdout]    |
[INFO] [stdout] 36 |     posts: Vec<crate::Method>,
[INFO] [stdout]    |                ^^^^^^^^^^^^^
[INFO] [stdout] 36 |     posts: Vec<rocket::http::Method>,
[INFO] [stdout]    |                ^^^^^^^^^^^^^^^^^^^^
[INFO] [stdout] 36 |     posts: Vec<rocket::http::hyper::Method>,
[INFO] [stdout]    |                ^^^^^^^^^^^^^^^^^^^^^^^^^^^
[INFO] [stdout] help: you might be missing a type parameter
[INFO] [stdout]    |
[INFO] [stdout] 35 | struct GeneralContentList<Post> {
[INFO] [stdout]    |                          ^^^^^^
[INFO] [stdout] 
[INFO] [stdout] 
[INFO] [stdout] error[E0412]: cannot find type `Link` in this scope
[INFO] [stdout]   --> src/main.rs:37:24
[INFO] [stdout]    |
[INFO] [stdout] 37 |     regular_links: Vec<Link>,
[INFO] [stdout]    |                        ^^^^ not found in this scope
[INFO] [stdout]    |
[INFO] [stdout] help: there is an enum variant `crate::n4_draft::markdown::Span::Link` and 1 other; try using the variant's enum
[INFO] [stdout]    |
[INFO] [stdout] 37 |     regular_links: Vec<crate::n4_draft::markdown::Span>,
[INFO] [stdout]    |                        ^^^^^^^^^^^^^^^^^^^^^^^^^^^^^^^
[INFO] [stdout] 37 |     regular_links: Vec<markdown::Span>,
[INFO] [stdout]    |                        ^^^^^^^^^^^^^^
[INFO] [stdout] help: you might be missing a type parameter
[INFO] [stdout]    |
[INFO] [stdout] 35 | struct GeneralContentList<Link> {
[INFO] [stdout]    |                          ^^^^^^
[INFO] [stdout] 
[INFO] [stdout] 
[INFO] [stdout] error[E0412]: cannot find type `Link` in this scope
[INFO] [stdout]   --> src/main.rs:38:23
[INFO] [stdout]    |
[INFO] [stdout] 38 |     thingy_links: Vec<Link>,
[INFO] [stdout]    |                       ^^^^ not found in this scope
[INFO] [stdout]    |
[INFO] [stdout] help: there is an enum variant `crate::n4_draft::markdown::Span::Link` and 1 other; try using the variant's enum
[INFO] [stdout]    |
[INFO] [stdout] 38 |     thingy_links: Vec<crate::n4_draft::markdown::Span>,
[INFO] [stdout]    |                       ^^^^^^^^^^^^^^^^^^^^^^^^^^^^^^^
[INFO] [stdout] 38 |     thingy_links: Vec<markdown::Span>,
[INFO] [stdout]    |                       ^^^^^^^^^^^^^^
[INFO] [stdout] help: you might be missing a type parameter
[INFO] [stdout]    |
[INFO] [stdout] 35 | struct GeneralContentList<Link> {
[INFO] [stdout]    |                          ^^^^^^
[INFO] [stdout] 
[INFO] [stdout] 
[INFO] [stdout] error[E0412]: cannot find type `Link` in this scope
[INFO] [stdout]   --> src/main.rs:39:20
[INFO] [stdout]    |
[INFO] [stdout] 39 |     tut_links: Vec<Link>,
[INFO] [stdout]    |                    ^^^^ not found in this scope
[INFO] [stdout]    |
[INFO] [stdout] help: there is an enum variant `crate::n4_draft::markdown::Span::Link` and 1 other; try using the variant's enum
[INFO] [stdout]    |
[INFO] [stdout] 39 |     tut_links: Vec<crate::n4_draft::markdown::Span>,
[INFO] [stdout]    |                    ^^^^^^^^^^^^^^^^^^^^^^^^^^^^^^^
[INFO] [stdout] 39 |     tut_links: Vec<markdown::Span>,
[INFO] [stdout]    |                    ^^^^^^^^^^^^^^
[INFO] [stdout] help: you might be missing a type parameter
[INFO] [stdout]    |
[INFO] [stdout] 35 | struct GeneralContentList<Link> {
[INFO] [stdout]    |                          ^^^^^^
[INFO] [stdout] 
[INFO] [stdout] 
[INFO] [stdout] error[E0412]: cannot find type `Post` in this scope
[INFO] [stdout]   --> src/main.rs:36:16
[INFO] [stdout]    |
[INFO] [stdout] 36 |     posts: Vec<Post>,
[INFO] [stdout]    |                ^^^^ not found in this scope
[INFO] [stdout]    |
[INFO] [stdout] help: there is an enum variant `crate::Method::Post` and 3 others; try using the variant's enum
[INFO] [stdout]    |
[INFO] [stdout] 36 |     posts: Vec<crate::Method>,
[INFO] [stdout]    |                ^^^^^^^^^^^^^
[INFO] [stdout] 36 |     posts: Vec<rocket::http::Method>,
[INFO] [stdout]    |                ^^^^^^^^^^^^^^^^^^^^
[INFO] [stdout] 36 |     posts: Vec<rocket::http::hyper::Method>,
[INFO] [stdout]    |                ^^^^^^^^^^^^^^^^^^^^^^^^^^^
[INFO] [stdout] 
[INFO] [stdout] 
[INFO] [stdout] error[E0412]: cannot find type `Link` in this scope
[INFO] [stdout]   --> src/main.rs:37:24
[INFO] [stdout]    |
[INFO] [stdout] 37 |     regular_links: Vec<Link>,
[INFO] [stdout]    |                        ^^^^ not found in this scope
[INFO] [stdout]    |
[INFO] [stdout] help: there is an enum variant `crate::n4_draft::markdown::Span::Link` and 1 other; try using the variant's enum
[INFO] [stdout]    |
[INFO] [stdout] 37 |     regular_links: Vec<crate::n4_draft::markdown::Span>,
[INFO] [stdout]    |                        ^^^^^^^^^^^^^^^^^^^^^^^^^^^^^^^
[INFO] [stdout] 37 |     regular_links: Vec<markdown::Span>,
[INFO] [stdout]    |                        ^^^^^^^^^^^^^^
[INFO] [stdout] 
[INFO] [stdout] 
[INFO] [stdout] error[E0412]: cannot find type `Link` in this scope
[INFO] [stdout]   --> src/main.rs:38:23
[INFO] [stdout]    |
[INFO] [stdout] 38 |     thingy_links: Vec<Link>,
[INFO] [stdout]    |                       ^^^^ not found in this scope
[INFO] [stdout]    |
[INFO] [stdout] help: there is an enum variant `crate::n4_draft::markdown::Span::Link` and 1 other; try using the variant's enum
[INFO] [stdout]    |
[INFO] [stdout] 38 |     thingy_links: Vec<crate::n4_draft::markdown::Span>,
[INFO] [stdout]    |                       ^^^^^^^^^^^^^^^^^^^^^^^^^^^^^^^
[INFO] [stdout] 38 |     thingy_links: Vec<markdown::Span>,
[INFO] [stdout]    |                       ^^^^^^^^^^^^^^
[INFO] [stdout] 
[INFO] [stdout] 
[INFO] [stdout] error[E0412]: cannot find type `Link` in this scope
[INFO] [stdout]   --> src/main.rs:39:20
[INFO] [stdout]    |
[INFO] [stdout] 39 |     tut_links: Vec<Link>,
[INFO] [stdout]    |                    ^^^^ not found in this scope
[INFO] [stdout]    |
[INFO] [stdout] help: there is an enum variant `crate::n4_draft::markdown::Span::Link` and 1 other; try using the variant's enum
[INFO] [stdout]    |
[INFO] [stdout] 39 |     tut_links: Vec<crate::n4_draft::markdown::Span>,
[INFO] [stdout]    |                    ^^^^^^^^^^^^^^^^^^^^^^^^^^^^^^^
[INFO] [stdout] 39 |     tut_links: Vec<markdown::Span>,
[INFO] [stdout]    |                    ^^^^^^^^^^^^^^
[INFO] [stdout] 
[INFO] [stdout] 
[INFO] [stdout] error[E0412]: cannot find type `Post` in this scope
[INFO] [stdout]   --> src/main.rs:44:16
[INFO] [stdout]    |
[INFO] [stdout] 44 |     posts: Vec<Post>,
[INFO] [stdout]    |                ^^^^ not found in this scope
[INFO] [stdout]    |
[INFO] [stdout] help: there is an enum variant `crate::Method::Post` and 3 others; try using the variant's enum
[INFO] [stdout]    |
[INFO] [stdout] 44 |     posts: Vec<crate::Method>,
[INFO] [stdout]    |                ^^^^^^^^^^^^^
[INFO] [stdout] 44 |     posts: Vec<rocket::http::Method>,
[INFO] [stdout]    |                ^^^^^^^^^^^^^^^^^^^^
[INFO] [stdout] 44 |     posts: Vec<rocket::http::hyper::Method>,
[INFO] [stdout]    |                ^^^^^^^^^^^^^^^^^^^^^^^^^^^
[INFO] [stdout] help: you might be missing a type parameter
[INFO] [stdout]    |
[INFO] [stdout] 43 | struct PostContentList<Post> {
[INFO] [stdout]    |                       ^^^^^^
[INFO] [stdout] 
[INFO] [stdout] 
[INFO] [stdout] error[E0412]: cannot find type `Post` in this scope
[INFO] [stdout]   --> src/main.rs:44:16
[INFO] [stdout]    |
[INFO] [stdout] 44 |     posts: Vec<Post>,
[INFO] [stdout]    |                ^^^^ not found in this scope
[INFO] [stdout]    |
[INFO] [stdout] help: there is an enum variant `crate::Method::Post` and 3 others; try using the variant's enum
[INFO] [stdout]    |
[INFO] [stdout] 44 |     posts: Vec<crate::Method>,
[INFO] [stdout]    |                ^^^^^^^^^^^^^
[INFO] [stdout] 44 |     posts: Vec<rocket::http::Method>,
[INFO] [stdout]    |                ^^^^^^^^^^^^^^^^^^^^
[INFO] [stdout] 44 |     posts: Vec<rocket::http::hyper::Method>,
[INFO] [stdout]    |                ^^^^^^^^^^^^^^^^^^^^^^^^^^^
[INFO] [stdout] 
[INFO] [stdout] 
[INFO] [stdout] error[E0412]: cannot find type `Link` in this scope
[INFO] [stdout]   --> src/main.rs:64:16
[INFO] [stdout]    |
[INFO] [stdout] 64 |     links: Vec<Link>,
[INFO] [stdout]    |                ^^^^ not found in this scope
[INFO] [stdout]    |
[INFO] [stdout] help: there is an enum variant `crate::n4_draft::markdown::Span::Link` and 1 other; try using the variant's enum
[INFO] [stdout]    |
[INFO] [stdout] 64 |     links: Vec<crate::n4_draft::markdown::Span>,
[INFO] [stdout]    |                ^^^^^^^^^^^^^^^^^^^^^^^^^^^^^^^
[INFO] [stdout] 64 |     links: Vec<markdown::Span>,
[INFO] [stdout]    |                ^^^^^^^^^^^^^^
[INFO] [stdout] help: you might be missing a type parameter
[INFO] [stdout]    |
[INFO] [stdout] 63 | struct LinkContentList<Link> {
[INFO] [stdout]    |                       ^^^^^^
[INFO] [stdout] 
[INFO] [stdout] 
[INFO] [stdout] error[E0412]: cannot find type `Link` in this scope
[INFO] [stdout]   --> src/main.rs:64:16
[INFO] [stdout]    |
[INFO] [stdout] 64 |     links: Vec<Link>,
[INFO] [stdout]    |                ^^^^ not found in this scope
[INFO] [stdout]    |
[INFO] [stdout] help: there is an enum variant `crate::n4_draft::markdown::Span::Link` and 1 other; try using the variant's enum
[INFO] [stdout]    |
[INFO] [stdout] 64 |     links: Vec<crate::n4_draft::markdown::Span>,
[INFO] [stdout]    |                ^^^^^^^^^^^^^^^^^^^^^^^^^^^^^^^
[INFO] [stdout] 64 |     links: Vec<markdown::Span>,
[INFO] [stdout]    |                ^^^^^^^^^^^^^^
[INFO] [stdout] 
[INFO] [stdout] 
[INFO] [stdout] error[E0412]: cannot find type `Post` in this scope
[INFO] [stdout]   --> src/main.rs:69:16
[INFO] [stdout]    |
[INFO] [stdout] 69 |     front: Vec<Post>,
[INFO] [stdout]    |                ^^^^ not found in this scope
[INFO] [stdout]    |
[INFO] [stdout] help: there is an enum variant `crate::Method::Post` and 3 others; try using the variant's enum
[INFO] [stdout]    |
[INFO] [stdout] 69 |     front: Vec<crate::Method>,
[INFO] [stdout]    |                ^^^^^^^^^^^^^
[INFO] [stdout] 69 |     front: Vec<rocket::http::Method>,
[INFO] [stdout]    |                ^^^^^^^^^^^^^^^^^^^^
[INFO] [stdout] 69 |     front: Vec<rocket::http::hyper::Method>,
[INFO] [stdout]    |                ^^^^^^^^^^^^^^^^^^^^^^^^^^^
[INFO] [stdout] help: you might be missing a type parameter
[INFO] [stdout]    |
[INFO] [stdout] 68 | struct AllContent<Post> {
[INFO] [stdout]    |                  ^^^^^^
[INFO] [stdout] 
[INFO] [stdout] 
[INFO] [stdout] error[E0412]: cannot find type `Link` in this scope
[INFO] [stdout]   --> src/main.rs:70:16
[INFO] [stdout]    |
[INFO] [stdout] 70 |     links: Vec<Link>,
[INFO] [stdout]    |                ^^^^ not found in this scope
[INFO] [stdout]    |
[INFO] [stdout] help: there is an enum variant `crate::n4_draft::markdown::Span::Link` and 1 other; try using the variant's enum
[INFO] [stdout]    |
[INFO] [stdout] 70 |     links: Vec<crate::n4_draft::markdown::Span>,
[INFO] [stdout]    |                ^^^^^^^^^^^^^^^^^^^^^^^^^^^^^^^
[INFO] [stdout] 70 |     links: Vec<markdown::Span>,
[INFO] [stdout]    |                ^^^^^^^^^^^^^^
[INFO] [stdout] help: you might be missing a type parameter
[INFO] [stdout]    |
[INFO] [stdout] 68 | struct AllContent<Link> {
[INFO] [stdout]    |                  ^^^^^^
[INFO] [stdout] 
[INFO] [stdout] 
[INFO] [stdout] error[E0412]: cannot find type `Post` in this scope
[INFO] [stdout]   --> src/main.rs:71:15
[INFO] [stdout]    |
[INFO] [stdout] 71 |     rust: Vec<Post>,
[INFO] [stdout]    |               ^^^^ not found in this scope
[INFO] [stdout]    |
[INFO] [stdout] help: there is an enum variant `crate::Method::Post` and 3 others; try using the variant's enum
[INFO] [stdout]    |
[INFO] [stdout] 71 |     rust: Vec<crate::Method>,
[INFO] [stdout]    |               ^^^^^^^^^^^^^
[INFO] [stdout] 71 |     rust: Vec<rocket::http::Method>,
[INFO] [stdout]    |               ^^^^^^^^^^^^^^^^^^^^
[INFO] [stdout] 71 |     rust: Vec<rocket::http::hyper::Method>,
[INFO] [stdout]    |               ^^^^^^^^^^^^^^^^^^^^^^^^^^^
[INFO] [stdout] help: you might be missing a type parameter
[INFO] [stdout]    |
[INFO] [stdout] 68 | struct AllContent<Post> {
[INFO] [stdout]    |                  ^^^^^^
[INFO] [stdout] 
[INFO] [stdout] 
[INFO] [stdout] error[E0412]: cannot find type `Post` in this scope
[INFO] [stdout]   --> src/main.rs:72:17
[INFO] [stdout]    |
[INFO] [stdout] 72 |     python: Vec<Post>,
[INFO] [stdout]    |                 ^^^^ not found in this scope
[INFO] [stdout]    |
[INFO] [stdout] help: there is an enum variant `crate::Method::Post` and 3 others; try using the variant's enum
[INFO] [stdout]    |
[INFO] [stdout] 72 |     python: Vec<crate::Method>,
[INFO] [stdout]    |                 ^^^^^^^^^^^^^
[INFO] [stdout] 72 |     python: Vec<rocket::http::Method>,
[INFO] [stdout]    |                 ^^^^^^^^^^^^^^^^^^^^
[INFO] [stdout] 72 |     python: Vec<rocket::http::hyper::Method>,
[INFO] [stdout]    |                 ^^^^^^^^^^^^^^^^^^^^^^^^^^^
[INFO] [stdout] help: you might be missing a type parameter
[INFO] [stdout]    |
[INFO] [stdout] 68 | struct AllContent<Post> {
[INFO] [stdout]    |                  ^^^^^^
[INFO] [stdout] 
[INFO] [stdout] 
[INFO] [stdout] error[E0412]: cannot find type `Post` in this scope
[INFO] [stdout]   --> src/main.rs:73:15
[INFO] [stdout]    |
[INFO] [stdout] 73 |     bash: Vec<Post>,
[INFO] [stdout]    |               ^^^^ not found in this scope
[INFO] [stdout]    |
[INFO] [stdout] help: there is an enum variant `crate::Method::Post` and 3 others; try using the variant's enum
[INFO] [stdout]    |
[INFO] [stdout] 73 |     bash: Vec<crate::Method>,
[INFO] [stdout]    |               ^^^^^^^^^^^^^
[INFO] [stdout] 73 |     bash: Vec<rocket::http::Method>,
[INFO] [stdout]    |               ^^^^^^^^^^^^^^^^^^^^
[INFO] [stdout] 73 |     bash: Vec<rocket::http::hyper::Method>,
[INFO] [stdout]    |               ^^^^^^^^^^^^^^^^^^^^^^^^^^^
[INFO] [stdout] help: you might be missing a type parameter
[INFO] [stdout]    |
[INFO] [stdout] 68 | struct AllContent<Post> {
[INFO] [stdout]    |                  ^^^^^^
[INFO] [stdout] 
[INFO] [stdout] 
[INFO] [stdout] error[E0412]: cannot find type `Post` in this scope
[INFO] [stdout]   --> src/main.rs:74:14
[INFO] [stdout]    |
[INFO] [stdout] 74 |     all: Vec<Post>,
[INFO] [stdout]    |              ^^^^ not found in this scope
[INFO] [stdout]    |
[INFO] [stdout] help: there is an enum variant `crate::Method::Post` and 3 others; try using the variant's enum
[INFO] [stdout]    |
[INFO] [stdout] 74 |     all: Vec<crate::Method>,
[INFO] [stdout]    |              ^^^^^^^^^^^^^
[INFO] [stdout] 74 |     all: Vec<rocket::http::Method>,
[INFO] [stdout]    |              ^^^^^^^^^^^^^^^^^^^^
[INFO] [stdout] 74 |     all: Vec<rocket::http::hyper::Method>,
[INFO] [stdout]    |              ^^^^^^^^^^^^^^^^^^^^^^^^^^^
[INFO] [stdout] help: you might be missing a type parameter
[INFO] [stdout]    |
[INFO] [stdout] 68 | struct AllContent<Post> {
[INFO] [stdout]    |                  ^^^^^^
[INFO] [stdout] 
[INFO] [stdout] 
[INFO] [stdout] error[E0412]: cannot find type `Post` in this scope
[INFO] [stdout]   --> src/main.rs:69:16
[INFO] [stdout]    |
[INFO] [stdout] 69 |     front: Vec<Post>,
[INFO] [stdout]    |                ^^^^ not found in this scope
[INFO] [stdout]    |
[INFO] [stdout] help: there is an enum variant `crate::Method::Post` and 3 others; try using the variant's enum
[INFO] [stdout]    |
[INFO] [stdout] 69 |     front: Vec<crate::Method>,
[INFO] [stdout]    |                ^^^^^^^^^^^^^
[INFO] [stdout] 69 |     front: Vec<rocket::http::Method>,
[INFO] [stdout]    |                ^^^^^^^^^^^^^^^^^^^^
[INFO] [stdout] 69 |     front: Vec<rocket::http::hyper::Method>,
[INFO] [stdout]    |                ^^^^^^^^^^^^^^^^^^^^^^^^^^^
[INFO] [stdout] 
[INFO] [stdout] 
[INFO] [stdout] error[E0412]: cannot find type `Link` in this scope
[INFO] [stdout]   --> src/main.rs:70:16
[INFO] [stdout]    |
[INFO] [stdout] 70 |     links: Vec<Link>,
[INFO] [stdout]    |                ^^^^ not found in this scope
[INFO] [stdout]    |
[INFO] [stdout] help: there is an enum variant `crate::n4_draft::markdown::Span::Link` and 1 other; try using the variant's enum
[INFO] [stdout]    |
[INFO] [stdout] 70 |     links: Vec<crate::n4_draft::markdown::Span>,
[INFO] [stdout]    |                ^^^^^^^^^^^^^^^^^^^^^^^^^^^^^^^
[INFO] [stdout] 70 |     links: Vec<markdown::Span>,
[INFO] [stdout]    |                ^^^^^^^^^^^^^^
[INFO] [stdout] 
[INFO] [stdout] 
[INFO] [stdout] error[E0412]: cannot find type `Post` in this scope
[INFO] [stdout]   --> src/main.rs:71:15
[INFO] [stdout]    |
[INFO] [stdout] 71 |     rust: Vec<Post>,
[INFO] [stdout]    |               ^^^^ not found in this scope
[INFO] [stdout]    |
[INFO] [stdout] help: there is an enum variant `crate::Method::Post` and 3 others; try using the variant's enum
[INFO] [stdout]    |
[INFO] [stdout] 71 |     rust: Vec<crate::Method>,
[INFO] [stdout]    |               ^^^^^^^^^^^^^
[INFO] [stdout] 71 |     rust: Vec<rocket::http::Method>,
[INFO] [stdout]    |               ^^^^^^^^^^^^^^^^^^^^
[INFO] [stdout] 71 |     rust: Vec<rocket::http::hyper::Method>,
[INFO] [stdout]    |               ^^^^^^^^^^^^^^^^^^^^^^^^^^^
[INFO] [stdout] 
[INFO] [stdout] 
[INFO] [stdout] error[E0412]: cannot find type `Post` in this scope
[INFO] [stdout]   --> src/main.rs:72:17
[INFO] [stdout]    |
[INFO] [stdout] 72 |     python: Vec<Post>,
[INFO] [stdout]    |                 ^^^^ not found in this scope
[INFO] [stdout]    |
[INFO] [stdout] help: there is an enum variant `crate::Method::Post` and 3 others; try using the variant's enum
[INFO] [stdout]    |
[INFO] [stdout] 72 |     python: Vec<crate::Method>,
[INFO] [stdout]    |                 ^^^^^^^^^^^^^
[INFO] [stdout] 72 |     python: Vec<rocket::http::Method>,
[INFO] [stdout]    |                 ^^^^^^^^^^^^^^^^^^^^
[INFO] [stdout] 72 |     python: Vec<rocket::http::hyper::Method>,
[INFO] [stdout]    |                 ^^^^^^^^^^^^^^^^^^^^^^^^^^^
[INFO] [stdout] 
[INFO] [stdout] 
[INFO] [stdout] error[E0412]: cannot find type `Post` in this scope
[INFO] [stdout]   --> src/main.rs:73:15
[INFO] [stdout]    |
[INFO] [stdout] 73 |     bash: Vec<Post>,
[INFO] [stdout]    |               ^^^^ not found in this scope
[INFO] [stdout]    |
[INFO] [stdout] help: there is an enum variant `crate::Method::Post` and 3 others; try using the variant's enum
[INFO] [stdout]    |
[INFO] [stdout] 73 |     bash: Vec<crate::Method>,
[INFO] [stdout]    |               ^^^^^^^^^^^^^
[INFO] [stdout] 73 |     bash: Vec<rocket::http::Method>,
[INFO] [stdout]    |               ^^^^^^^^^^^^^^^^^^^^
[INFO] [stdout] 73 |     bash: Vec<rocket::http::hyper::Method>,
[INFO] [stdout]    |               ^^^^^^^^^^^^^^^^^^^^^^^^^^^
[INFO] [stdout] 
[INFO] [stdout] 
[INFO] [stdout] error[E0412]: cannot find type `Post` in this scope
[INFO] [stdout]   --> src/main.rs:74:14
[INFO] [stdout]    |
[INFO] [stdout] 74 |     all: Vec<Post>,
[INFO] [stdout]    |              ^^^^ not found in this scope
[INFO] [stdout]    |
[INFO] [stdout] help: there is an enum variant `crate::Method::Post` and 3 others; try using the variant's enum
[INFO] [stdout]    |
[INFO] [stdout] 74 |     all: Vec<crate::Method>,
[INFO] [stdout]    |              ^^^^^^^^^^^^^
[INFO] [stdout] 74 |     all: Vec<rocket::http::Method>,
[INFO] [stdout]    |              ^^^^^^^^^^^^^^^^^^^^
[INFO] [stdout] 74 |     all: Vec<rocket::http::hyper::Method>,
[INFO] [stdout]    |              ^^^^^^^^^^^^^^^^^^^^^^^^^^^
[INFO] [stdout] 
[INFO] [stdout] 
[INFO] [stdout] error[E0425]: cannot find function `read_posts_by_filter_limit` in this scope
[INFO] [stdout]    --> src/main.rs:120:25
[INFO] [stdout]     |
[INFO] [stdout] 120 |     let all_posts_raw = read_posts_by_filter_limit(String::from("front"), 10); //read_some_posts(10);
[INFO] [stdout]     |                         ^^^^^^^^^^^^^^^^^^^^^^^^^^ not found in this scope
[INFO] [stdout] 
[INFO] [stdout] 
[INFO] [stdout] error[E0425]: cannot find function `read_links_by_filter_limit` in this scope
[INFO] [stdout]    --> src/main.rs:121:29
[INFO] [stdout]     |
[INFO] [stdout] 121 |     let regular_links_raw = read_links_by_filter_limit(String::from("regular"), 10);
[INFO] [stdout]     |                             ^^^^^^^^^^^^^^^^^^^^^^^^^^ not found in this scope
[INFO] [stdout] 
[INFO] [stdout] 
[INFO] [stdout] error[E0425]: cannot find function `read_links_by_filter_limit` in this scope
[INFO] [stdout]    --> src/main.rs:122:28
[INFO] [stdout]     |
[INFO] [stdout] 122 |     let thingy_links_raw = read_links_by_filter_limit(String::from("thingy"), 10);
[INFO] [stdout]     |                            ^^^^^^^^^^^^^^^^^^^^^^^^^^ not found in this scope
[INFO] [stdout] 
[INFO] [stdout] 
[INFO] [stdout] error[E0425]: cannot find function `read_links_by_filter_limit` in this scope
[INFO] [stdout]    --> src/main.rs:123:25
[INFO] [stdout]     |
[INFO] [stdout] 123 |     let tut_links_raw = read_links_by_filter_limit(String::from("tut"), 10);
[INFO] [stdout]     |                         ^^^^^^^^^^^^^^^^^^^^^^^^^^ not found in this scope
[INFO] [stdout] 
[INFO] [stdout] 
[INFO] [stdout] error[E0425]: cannot find function `read_posts_by_filter_limit` in this scope
[INFO] [stdout]    --> src/main.rs:143:16
[INFO] [stdout]     |
[INFO] [stdout] 143 |         posts: read_posts_by_filter_limit(String::from("fiction"), 10),
[INFO] [stdout]     |                ^^^^^^^^^^^^^^^^^^^^^^^^^^ not found in this scope
[INFO] [stdout] 
[INFO] [stdout] 
[INFO] [stdout] error[E0425]: cannot find function `read_all_posts` in this scope
[INFO] [stdout]    --> src/main.rs:151:16
[INFO] [stdout]     |
[INFO] [stdout] 151 |         posts: read_all_posts(),
[INFO] [stdout]     |                ^^^^^^^^^^^^^^ not found in this scope
[INFO] [stdout] 
[INFO] [stdout] 
[INFO] [stdout] error[E0425]: cannot find function `read_post` in this scope
[INFO] [stdout]    --> src/main.rs:159:16
[INFO] [stdout]     |
[INFO] [stdout] 159 |     let post = read_post(post_id);
[INFO] [stdout]     |                ^^^^^^^^^ not found in this scope
[INFO] [stdout] 
[INFO] [stdout] 
[INFO] [stdout] error[E0425]: cannot find function `read_all_links` in this scope
[INFO] [stdout]    --> src/main.rs:167:16
[INFO] [stdout]     |
[INFO] [stdout] 167 |         links: read_all_links(),
[INFO] [stdout]     |                ^^^^^^^^^^^^^^ not found in this scope
[INFO] [stdout] 
[INFO] [stdout] 
[INFO] [stdout] error[E0425]: cannot find function `read_posts_by_filter_limit` in this scope
[INFO] [stdout]    --> src/main.rs:176:16
[INFO] [stdout]     |
[INFO] [stdout] 176 |         posts: read_posts_by_filter_limit(String::from("rust"), 999),
[INFO] [stdout]     |                ^^^^^^^^^^^^^^^^^^^^^^^^^^ not found in this scope
[INFO] [stdout] 
[INFO] [stdout] 
[INFO] [stdout] error[E0425]: cannot find function `read_posts_by_filter_limit` in this scope
[INFO] [stdout]    --> src/main.rs:184:16
[INFO] [stdout]     |
[INFO] [stdout] 184 |         posts: read_posts_by_filter_limit(String::from("python"), 999),
[INFO] [stdout]     |                ^^^^^^^^^^^^^^^^^^^^^^^^^^ not found in this scope
[INFO] [stdout] 
[INFO] [stdout] 
[INFO] [stdout] error[E0425]: cannot find function `read_posts_by_filter_limit` in this scope
[INFO] [stdout]    --> src/main.rs:192:16
[INFO] [stdout]     |
[INFO] [stdout] 192 |         posts: read_posts_by_filter_limit(String::from("bash"), 999),
[INFO] [stdout]     |                ^^^^^^^^^^^^^^^^^^^^^^^^^^ not found in this scope
[INFO] [stdout] 
[INFO] [stdout] 
[INFO] [stdout] error[E0425]: cannot find function `read_all_posts` in this scope
[INFO] [stdout]    --> src/main.rs:241:16
[INFO] [stdout]     |
[INFO] [stdout] 149 | fn list_all_posts() -> Template {
[INFO] [stdout]     | ------------------------------- similarly named function `list_all_posts` defined here
[INFO] [stdout] ...
[INFO] [stdout] 241 |         posts: read_all_posts(),
[INFO] [stdout]     |                ^^^^^^^^^^^^^^ help: a function with a similar name exists: `list_all_posts`
[INFO] [stdout] 
[INFO] [stdout] 
[INFO] [stdout] warning: unused import: `Error`
[INFO] [stdout]   --> src/main.rs:18:51
[INFO] [stdout]    |
[INFO] [stdout] 18 | use rocket_cors::{AllowedHeaders, AllowedOrigins, Error};
[INFO] [stdout]    |                                                   ^^^^^
[INFO] [stdout]    |
[INFO] [stdout]    = note: `#[warn(unused_imports)]` on by default
[INFO] [stdout] 
[INFO] [stdout] 
[INFO] [stdout] warning: unused imports: `CSSContent`, `JSONContent`
[INFO] [stdout]   --> src/main.rs:21:33
[INFO] [stdout]    |
[INFO] [stdout] 21 | use self::n4_draft::{MDContent, CSSContent, JSONContent, PageContent, DirContent};
[INFO] [stdout]    |                                 ^^^^^^^^^^  ^^^^^^^^^^^
[INFO] [stdout] 
[INFO] [stdout] 
[INFO] [stdout] warning: unused `#[macro_use]` import
[INFO] [stdout]   --> src/main.rs:28:1
[INFO] [stdout]    |
[INFO] [stdout] 28 | #[macro_use] extern crate rocket_cors;
[INFO] [stdout]    | ^^^^^^^^^^^^
[INFO] [stdout] 
[INFO] [stdout] 
[INFO] [stdout] error[E0412]: cannot find type `Post` in this scope
[INFO] [stdout]   --> src/main.rs:36:16
[INFO] [stdout]    |
[INFO] [stdout] 36 |     posts: Vec<Post>,
[INFO] [stdout]    |                ^^^^ not found in this scope
[INFO] [stdout]    |
[INFO] [stdout] help: there is an enum variant `crate::Method::Post` and 3 others; try using the variant's enum
[INFO] [stdout]    |
[INFO] [stdout] 36 |     posts: Vec<crate::Method>,
[INFO] [stdout]    |                ^^^^^^^^^^^^^
[INFO] [stdout] 36 |     posts: Vec<rocket::http::Method>,
[INFO] [stdout]    |                ^^^^^^^^^^^^^^^^^^^^
[INFO] [stdout] 36 |     posts: Vec<rocket::http::hyper::Method>,
[INFO] [stdout]    |                ^^^^^^^^^^^^^^^^^^^^^^^^^^^
[INFO] [stdout] help: you might be missing a type parameter
[INFO] [stdout]    |
[INFO] [stdout] 35 | struct GeneralContentList<Post> {
[INFO] [stdout]    |                          ^^^^^^
[INFO] [stdout] 
[INFO] [stdout] 
[INFO] [stdout] error[E0412]: cannot find type `Link` in this scope
[INFO] [stdout]   --> src/main.rs:37:24
[INFO] [stdout]    |
[INFO] [stdout] 37 |     regular_links: Vec<Link>,
[INFO] [stdout]    |                        ^^^^ not found in this scope
[INFO] [stdout]    |
[INFO] [stdout] help: there is an enum variant `crate::n4_draft::markdown::Span::Link` and 1 other; try using the variant's enum
[INFO] [stdout]    |
[INFO] [stdout] 37 |     regular_links: Vec<crate::n4_draft::markdown::Span>,
[INFO] [stdout]    |                        ^^^^^^^^^^^^^^^^^^^^^^^^^^^^^^^
[INFO] [stdout] 37 |     regular_links: Vec<markdown::Span>,
[INFO] [stdout]    |                        ^^^^^^^^^^^^^^
[INFO] [stdout] help: you might be missing a type parameter
[INFO] [stdout]    |
[INFO] [stdout] 35 | struct GeneralContentList<Link> {
[INFO] [stdout]    |                          ^^^^^^
[INFO] [stdout] 
[INFO] [stdout] 
[INFO] [stdout] error[E0412]: cannot find type `Link` in this scope
[INFO] [stdout]   --> src/main.rs:38:23
[INFO] [stdout]    |
[INFO] [stdout] 38 |     thingy_links: Vec<Link>,
[INFO] [stdout]    |                       ^^^^ not found in this scope
[INFO] [stdout]    |
[INFO] [stdout] help: there is an enum variant `crate::n4_draft::markdown::Span::Link` and 1 other; try using the variant's enum
[INFO] [stdout]    |
[INFO] [stdout] 38 |     thingy_links: Vec<crate::n4_draft::markdown::Span>,
[INFO] [stdout]    |                       ^^^^^^^^^^^^^^^^^^^^^^^^^^^^^^^
[INFO] [stdout] 38 |     thingy_links: Vec<markdown::Span>,
[INFO] [stdout]    |                       ^^^^^^^^^^^^^^
[INFO] [stdout] help: you might be missing a type parameter
[INFO] [stdout]    |
[INFO] [stdout] 35 | struct GeneralContentList<Link> {
[INFO] [stdout]    |                          ^^^^^^
[INFO] [stdout] 
[INFO] [stdout] 
[INFO] [stdout] error[E0412]: cannot find type `Link` in this scope
[INFO] [stdout]   --> src/main.rs:39:20
[INFO] [stdout]    |
[INFO] [stdout] 39 |     tut_links: Vec<Link>,
[INFO] [stdout]    |                    ^^^^ not found in this scope
[INFO] [stdout]    |
[INFO] [stdout] help: there is an enum variant `crate::n4_draft::markdown::Span::Link` and 1 other; try using the variant's enum
[INFO] [stdout]    |
[INFO] [stdout] 39 |     tut_links: Vec<crate::n4_draft::markdown::Span>,
[INFO] [stdout]    |                    ^^^^^^^^^^^^^^^^^^^^^^^^^^^^^^^
[INFO] [stdout] 39 |     tut_links: Vec<markdown::Span>,
[INFO] [stdout]    |                    ^^^^^^^^^^^^^^
[INFO] [stdout] help: you might be missing a type parameter
[INFO] [stdout]    |
[INFO] [stdout] 35 | struct GeneralContentList<Link> {
[INFO] [stdout]    |                          ^^^^^^
[INFO] [stdout] 
[INFO] [stdout] 
[INFO] [stdout] error[E0412]: cannot find type `Post` in this scope
[INFO] [stdout]   --> src/main.rs:36:16
[INFO] [stdout]    |
[INFO] [stdout] 36 |     posts: Vec<Post>,
[INFO] [stdout]    |                ^^^^ not found in this scope
[INFO] [stdout]    |
[INFO] [stdout] help: there is an enum variant `crate::Method::Post` and 3 others; try using the variant's enum
[INFO] [stdout]    |
[INFO] [stdout] 36 |     posts: Vec<crate::Method>,
[INFO] [stdout]    |                ^^^^^^^^^^^^^
[INFO] [stdout] 36 |     posts: Vec<rocket::http::Method>,
[INFO] [stdout]    |                ^^^^^^^^^^^^^^^^^^^^
[INFO] [stdout] 36 |     posts: Vec<rocket::http::hyper::Method>,
[INFO] [stdout]    |                ^^^^^^^^^^^^^^^^^^^^^^^^^^^
[INFO] [stdout] 
[INFO] [stdout] 
[INFO] [stdout] error[E0412]: cannot find type `Link` in this scope
[INFO] [stdout]   --> src/main.rs:37:24
[INFO] [stdout]    |
[INFO] [stdout] 37 |     regular_links: Vec<Link>,
[INFO] [stdout]    |                        ^^^^ not found in this scope
[INFO] [stdout]    |
[INFO] [stdout] help: there is an enum variant `crate::n4_draft::markdown::Span::Link` and 1 other; try using the variant's enum
[INFO] [stdout]    |
[INFO] [stdout] 37 |     regular_links: Vec<crate::n4_draft::markdown::Span>,
[INFO] [stdout]    |                        ^^^^^^^^^^^^^^^^^^^^^^^^^^^^^^^
[INFO] [stdout] 37 |     regular_links: Vec<markdown::Span>,
[INFO] [stdout]    |                        ^^^^^^^^^^^^^^
[INFO] [stdout] 
[INFO] [stdout] 
[INFO] [stdout] error[E0412]: cannot find type `Link` in this scope
[INFO] [stdout]   --> src/main.rs:38:23
[INFO] [stdout]    |
[INFO] [stdout] 38 |     thingy_links: Vec<Link>,
[INFO] [stdout]    |                       ^^^^ not found in this scope
[INFO] [stdout]    |
[INFO] [stdout] help: there is an enum variant `crate::n4_draft::markdown::Span::Link` and 1 other; try using the variant's enum
[INFO] [stdout]    |
[INFO] [stdout] 38 |     thingy_links: Vec<crate::n4_draft::markdown::Span>,
[INFO] [stdout]    |                       ^^^^^^^^^^^^^^^^^^^^^^^^^^^^^^^
[INFO] [stdout] 38 |     thingy_links: Vec<markdown::Span>,
[INFO] [stdout]    |                       ^^^^^^^^^^^^^^
[INFO] [stdout] 
[INFO] [stdout] 
[INFO] [stdout] error[E0412]: cannot find type `Link` in this scope
[INFO] [stdout]   --> src/main.rs:39:20
[INFO] [stdout]    |
[INFO] [stdout] 39 |     tut_links: Vec<Link>,
[INFO] [stdout]    |                    ^^^^ not found in this scope
[INFO] [stdout]    |
[INFO] [stdout] help: there is an enum variant `crate::n4_draft::markdown::Span::Link` and 1 other; try using the variant's enum
[INFO] [stdout]    |
[INFO] [stdout] 39 |     tut_links: Vec<crate::n4_draft::markdown::Span>,
[INFO] [stdout]    |                    ^^^^^^^^^^^^^^^^^^^^^^^^^^^^^^^
[INFO] [stdout] 39 |     tut_links: Vec<markdown::Span>,
[INFO] [stdout]    |                    ^^^^^^^^^^^^^^
[INFO] [stdout] 
[INFO] [stdout] 
[INFO] [stdout] error[E0412]: cannot find type `Post` in this scope
[INFO] [stdout]   --> src/main.rs:44:16
[INFO] [stdout]    |
[INFO] [stdout] 44 |     posts: Vec<Post>,
[INFO] [stdout]    |                ^^^^ not found in this scope
[INFO] [stdout]    |
[INFO] [stdout] help: there is an enum variant `crate::Method::Post` and 3 others; try using the variant's enum
[INFO] [stdout]    |
[INFO] [stdout] 44 |     posts: Vec<crate::Method>,
[INFO] [stdout]    |                ^^^^^^^^^^^^^
[INFO] [stdout] 44 |     posts: Vec<rocket::http::Method>,
[INFO] [stdout]    |                ^^^^^^^^^^^^^^^^^^^^
[INFO] [stdout] 44 |     posts: Vec<rocket::http::hyper::Method>,
[INFO] [stdout]    |                ^^^^^^^^^^^^^^^^^^^^^^^^^^^
[INFO] [stdout] help: you might be missing a type parameter
[INFO] [stdout]    |
[INFO] [stdout] 43 | struct PostContentList<Post> {
[INFO] [stdout]    |                       ^^^^^^
[INFO] [stdout] 
[INFO] [stdout] 
[INFO] [stdout] error[E0412]: cannot find type `Post` in this scope
[INFO] [stdout]   --> src/main.rs:44:16
[INFO] [stdout]    |
[INFO] [stdout] 44 |     posts: Vec<Post>,
[INFO] [stdout]    |                ^^^^ not found in this scope
[INFO] [stdout]    |
[INFO] [stdout] help: there is an enum variant `crate::Method::Post` and 3 others; try using the variant's enum
[INFO] [stdout]    |
[INFO] [stdout] 44 |     posts: Vec<crate::Method>,
[INFO] [stdout]    |                ^^^^^^^^^^^^^
[INFO] [stdout] 44 |     posts: Vec<rocket::http::Method>,
[INFO] [stdout]    |                ^^^^^^^^^^^^^^^^^^^^
[INFO] [stdout] 44 |     posts: Vec<rocket::http::hyper::Method>,
[INFO] [stdout]    |                ^^^^^^^^^^^^^^^^^^^^^^^^^^^
[INFO] [stdout] 
[INFO] [stdout] 
[INFO] [stdout] error[E0412]: cannot find type `Link` in this scope
[INFO] [stdout]   --> src/main.rs:64:16
[INFO] [stdout]    |
[INFO] [stdout] 64 |     links: Vec<Link>,
[INFO] [stdout]    |                ^^^^ not found in this scope
[INFO] [stdout]    |
[INFO] [stdout] help: there is an enum variant `crate::n4_draft::markdown::Span::Link` and 1 other; try using the variant's enum
[INFO] [stdout]    |
[INFO] [stdout] 64 |     links: Vec<crate::n4_draft::markdown::Span>,
[INFO] [stdout]    |                ^^^^^^^^^^^^^^^^^^^^^^^^^^^^^^^
[INFO] [stdout] 64 |     links: Vec<markdown::Span>,
[INFO] [stdout]    |                ^^^^^^^^^^^^^^
[INFO] [stdout] help: you might be missing a type parameter
[INFO] [stdout]    |
[INFO] [stdout] 63 | struct LinkContentList<Link> {
[INFO] [stdout]    |                       ^^^^^^
[INFO] [stdout] 
[INFO] [stdout] 
[INFO] [stdout] error[E0412]: cannot find type `Link` in this scope
[INFO] [stdout]   --> src/main.rs:64:16
[INFO] [stdout]    |
[INFO] [stdout] 64 |     links: Vec<Link>,
[INFO] [stdout]    |                ^^^^ not found in this scope
[INFO] [stdout]    |
[INFO] [stdout] help: there is an enum variant `crate::n4_draft::markdown::Span::Link` and 1 other; try using the variant's enum
[INFO] [stdout]    |
[INFO] [stdout] 64 |     links: Vec<crate::n4_draft::markdown::Span>,
[INFO] [stdout]    |                ^^^^^^^^^^^^^^^^^^^^^^^^^^^^^^^
[INFO] [stdout] 64 |     links: Vec<markdown::Span>,
[INFO] [stdout]    |                ^^^^^^^^^^^^^^
[INFO] [stdout] 
[INFO] [stdout] 
[INFO] [stdout] error[E0412]: cannot find type `Post` in this scope
[INFO] [stdout]   --> src/main.rs:69:16
[INFO] [stdout]    |
[INFO] [stdout] 69 |     front: Vec<Post>,
[INFO] [stdout]    |                ^^^^ not found in this scope
[INFO] [stdout]    |
[INFO] [stdout] help: there is an enum variant `crate::Method::Post` and 3 others; try using the variant's enum
[INFO] [stdout]    |
[INFO] [stdout] 69 |     front: Vec<crate::Method>,
[INFO] [stdout]    |                ^^^^^^^^^^^^^
[INFO] [stdout] 69 |     front: Vec<rocket::http::Method>,
[INFO] [stdout]    |                ^^^^^^^^^^^^^^^^^^^^
[INFO] [stdout] 69 |     front: Vec<rocket::http::hyper::Method>,
[INFO] [stdout]    |                ^^^^^^^^^^^^^^^^^^^^^^^^^^^
[INFO] [stdout] help: you might be missing a type parameter
[INFO] [stdout]    |
[INFO] [stdout] 68 | struct AllContent<Post> {
[INFO] [stdout]    |                  ^^^^^^
[INFO] [stdout] 
[INFO] [stdout] 
[INFO] [stdout] error[E0412]: cannot find type `Link` in this scope
[INFO] [stdout]   --> src/main.rs:70:16
[INFO] [stdout]    |
[INFO] [stdout] 70 |     links: Vec<Link>,
[INFO] [stdout]    |                ^^^^ not found in this scope
[INFO] [stdout]    |
[INFO] [stdout] help: there is an enum variant `crate::n4_draft::markdown::Span::Link` and 1 other; try using the variant's enum
[INFO] [stdout]    |
[INFO] [stdout] 70 |     links: Vec<crate::n4_draft::markdown::Span>,
[INFO] [stdout]    |                ^^^^^^^^^^^^^^^^^^^^^^^^^^^^^^^
[INFO] [stdout] 70 |     links: Vec<markdown::Span>,
[INFO] [stdout]    |                ^^^^^^^^^^^^^^
[INFO] [stdout] help: you might be missing a type parameter
[INFO] [stdout]    |
[INFO] [stdout] 68 | struct AllContent<Link> {
[INFO] [stdout]    |                  ^^^^^^
[INFO] [stdout] 
[INFO] [stdout] 
[INFO] [stdout] error[E0412]: cannot find type `Post` in this scope
[INFO] [stdout]   --> src/main.rs:71:15
[INFO] [stdout]    |
[INFO] [stdout] 71 |     rust: Vec<Post>,
[INFO] [stdout]    |               ^^^^ not found in this scope
[INFO] [stdout]    |
[INFO] [stdout] help: there is an enum variant `crate::Method::Post` and 3 others; try using the variant's enum
[INFO] [stdout]    |
[INFO] [stdout] 71 |     rust: Vec<crate::Method>,
[INFO] [stdout]    |               ^^^^^^^^^^^^^
[INFO] [stdout] 71 |     rust: Vec<rocket::http::Method>,
[INFO] [stdout]    |               ^^^^^^^^^^^^^^^^^^^^
[INFO] [stdout] 71 |     rust: Vec<rocket::http::hyper::Method>,
[INFO] [stdout]    |               ^^^^^^^^^^^^^^^^^^^^^^^^^^^
[INFO] [stdout] help: you might be missing a type parameter
[INFO] [stdout]    |
[INFO] [stdout] 68 | struct AllContent<Post> {
[INFO] [stdout]    |                  ^^^^^^
[INFO] [stdout] 
[INFO] [stdout] 
[INFO] [stdout] error[E0412]: cannot find type `Post` in this scope
[INFO] [stdout]   --> src/main.rs:72:17
[INFO] [stdout]    |
[INFO] [stdout] 72 |     python: Vec<Post>,
[INFO] [stdout]    |                 ^^^^ not found in this scope
[INFO] [stdout]    |
[INFO] [stdout] help: there is an enum variant `crate::Method::Post` and 3 others; try using the variant's enum
[INFO] [stdout]    |
[INFO] [stdout] 72 |     python: Vec<crate::Method>,
[INFO] [stdout]    |                 ^^^^^^^^^^^^^
[INFO] [stdout] 72 |     python: Vec<rocket::http::Method>,
[INFO] [stdout]    |                 ^^^^^^^^^^^^^^^^^^^^
[INFO] [stdout] 72 |     python: Vec<rocket::http::hyper::Method>,
[INFO] [stdout]    |                 ^^^^^^^^^^^^^^^^^^^^^^^^^^^
[INFO] [stdout] help: you might be missing a type parameter
[INFO] [stdout]    |
[INFO] [stdout] 68 | struct AllContent<Post> {
[INFO] [stdout]    |                  ^^^^^^
[INFO] [stdout] 
[INFO] [stdout] 
[INFO] [stdout] error[E0412]: cannot find type `Post` in this scope
[INFO] [stdout]   --> src/main.rs:73:15
[INFO] [stdout]    |
[INFO] [stdout] 73 |     bash: Vec<Post>,
[INFO] [stdout]    |               ^^^^ not found in this scope
[INFO] [stdout]    |
[INFO] [stdout] help: there is an enum variant `crate::Method::Post` and 3 others; try using the variant's enum
[INFO] [stdout]    |
[INFO] [stdout] 73 |     bash: Vec<crate::Method>,
[INFO] [stdout]    |               ^^^^^^^^^^^^^
[INFO] [stdout] 73 |     bash: Vec<rocket::http::Method>,
[INFO] [stdout]    |               ^^^^^^^^^^^^^^^^^^^^
[INFO] [stdout] 73 |     bash: Vec<rocket::http::hyper::Method>,
[INFO] [stdout]    |               ^^^^^^^^^^^^^^^^^^^^^^^^^^^
[INFO] [stdout] help: you might be missing a type parameter
[INFO] [stdout]    |
[INFO] [stdout] 68 | struct AllContent<Post> {
[INFO] [stdout]    |                  ^^^^^^
[INFO] [stdout] 
[INFO] [stdout] 
[INFO] [stdout] error[E0412]: cannot find type `Post` in this scope
[INFO] [stdout]   --> src/main.rs:74:14
[INFO] [stdout]    |
[INFO] [stdout] 74 |     all: Vec<Post>,
[INFO] [stdout]    |              ^^^^ not found in this scope
[INFO] [stdout]    |
[INFO] [stdout] help: there is an enum variant `crate::Method::Post` and 3 others; try using the variant's enum
[INFO] [stdout]    |
[INFO] [stdout] 74 |     all: Vec<crate::Method>,
[INFO] [stdout]    |              ^^^^^^^^^^^^^
[INFO] [stdout] 74 |     all: Vec<rocket::http::Method>,
[INFO] [stdout]    |              ^^^^^^^^^^^^^^^^^^^^
[INFO] [stdout] 74 |     all: Vec<rocket::http::hyper::Method>,
[INFO] [stdout]    |              ^^^^^^^^^^^^^^^^^^^^^^^^^^^
[INFO] [stdout] help: you might be missing a type parameter
[INFO] [stdout]    |
[INFO] [stdout] 68 | struct AllContent<Post> {
[INFO] [stdout]    |                  ^^^^^^
[INFO] [stdout] 
[INFO] [stdout] 
[INFO] [stdout] error[E0412]: cannot find type `Post` in this scope
[INFO] [stdout]   --> src/main.rs:69:16
[INFO] [stdout]    |
[INFO] [stdout] 69 |     front: Vec<Post>,
[INFO] [stdout]    |                ^^^^ not found in this scope
[INFO] [stdout]    |
[INFO] [stdout] help: there is an enum variant `crate::Method::Post` and 3 others; try using the variant's enum
[INFO] [stdout]    |
[INFO] [stdout] 69 |     front: Vec<crate::Method>,
[INFO] [stdout]    |                ^^^^^^^^^^^^^
[INFO] [stdout] 69 |     front: Vec<rocket::http::Method>,
[INFO] [stdout]    |                ^^^^^^^^^^^^^^^^^^^^
[INFO] [stdout] 69 |     front: Vec<rocket::http::hyper::Method>,
[INFO] [stdout]    |                ^^^^^^^^^^^^^^^^^^^^^^^^^^^
[INFO] [stdout] 
[INFO] [stdout] 
[INFO] [stdout] error[E0412]: cannot find type `Link` in this scope
[INFO] [stdout]   --> src/main.rs:70:16
[INFO] [stdout]    |
[INFO] [stdout] 70 |     links: Vec<Link>,
[INFO] [stdout]    |                ^^^^ not found in this scope
[INFO] [stdout]    |
[INFO] [stdout] help: there is an enum variant `crate::n4_draft::markdown::Span::Link` and 1 other; try using the variant's enum
[INFO] [stdout]    |
[INFO] [stdout] 70 |     links: Vec<crate::n4_draft::markdown::Span>,
[INFO] [stdout]    |                ^^^^^^^^^^^^^^^^^^^^^^^^^^^^^^^
[INFO] [stdout] 70 |     links: Vec<markdown::Span>,
[INFO] [stdout]    |                ^^^^^^^^^^^^^^
[INFO] [stdout] 
[INFO] [stdout] 
[INFO] [stdout] error[E0412]: cannot find type `Post` in this scope
[INFO] [stdout]   --> src/main.rs:71:15
[INFO] [stdout]    |
[INFO] [stdout] 71 |     rust: Vec<Post>,
[INFO] [stdout]    |               ^^^^ not found in this scope
[INFO] [stdout]    |
[INFO] [stdout] help: there is an enum variant `crate::Method::Post` and 3 others; try using the variant's enum
[INFO] [stdout]    |
[INFO] [stdout] 71 |     rust: Vec<crate::Method>,
[INFO] [stdout]    |               ^^^^^^^^^^^^^
[INFO] [stdout] 71 |     rust: Vec<rocket::http::Method>,
[INFO] [stdout]    |               ^^^^^^^^^^^^^^^^^^^^
[INFO] [stdout] 71 |     rust: Vec<rocket::http::hyper::Method>,
[INFO] [stdout]    |               ^^^^^^^^^^^^^^^^^^^^^^^^^^^
[INFO] [stdout] 
[INFO] [stdout] 
[INFO] [stdout] error[E0412]: cannot find type `Post` in this scope
[INFO] [stdout]   --> src/main.rs:72:17
[INFO] [stdout]    |
[INFO] [stdout] 72 |     python: Vec<Post>,
[INFO] [stdout]    |                 ^^^^ not found in this scope
[INFO] [stdout]    |
[INFO] [stdout] help: there is an enum variant `crate::Method::Post` and 3 others; try using the variant's enum
[INFO] [stdout]    |
[INFO] [stdout] 72 |     python: Vec<crate::Method>,
[INFO] [stdout]    |                 ^^^^^^^^^^^^^
[INFO] [stdout] 72 |     python: Vec<rocket::http::Method>,
[INFO] [stdout]    |                 ^^^^^^^^^^^^^^^^^^^^
[INFO] [stdout] 72 |     python: Vec<rocket::http::hyper::Method>,
[INFO] [stdout]    |                 ^^^^^^^^^^^^^^^^^^^^^^^^^^^
[INFO] [stdout] 
[INFO] [stdout] 
[INFO] [stdout] error[E0412]: cannot find type `Post` in this scope
[INFO] [stdout]   --> src/main.rs:73:15
[INFO] [stdout]    |
[INFO] [stdout] 73 |     bash: Vec<Post>,
[INFO] [stdout]    |               ^^^^ not found in this scope
[INFO] [stdout]    |
[INFO] [stdout] help: there is an enum variant `crate::Method::Post` and 3 others; try using the variant's enum
[INFO] [stdout]    |
[INFO] [stdout] 73 |     bash: Vec<crate::Method>,
[INFO] [stdout]    |               ^^^^^^^^^^^^^
[INFO] [stdout] 73 |     bash: Vec<rocket::http::Method>,
[INFO] [stdout]    |               ^^^^^^^^^^^^^^^^^^^^
[INFO] [stdout] 73 |     bash: Vec<rocket::http::hyper::Method>,
[INFO] [stdout]    |               ^^^^^^^^^^^^^^^^^^^^^^^^^^^
[INFO] [stdout] 
[INFO] [stdout] 
[INFO] [stdout] error[E0412]: cannot find type `Post` in this scope
[INFO] [stdout]   --> src/main.rs:74:14
[INFO] [stdout]    |
[INFO] [stdout] 74 |     all: Vec<Post>,
[INFO] [stdout]    |              ^^^^ not found in this scope
[INFO] [stdout]    |
[INFO] [stdout] help: there is an enum variant `crate::Method::Post` and 3 others; try using the variant's enum
[INFO] [stdout]    |
[INFO] [stdout] 74 |     all: Vec<crate::Method>,
[INFO] [stdout]    |              ^^^^^^^^^^^^^
[INFO] [stdout] 74 |     all: Vec<rocket::http::Method>,
[INFO] [stdout]    |              ^^^^^^^^^^^^^^^^^^^^
[INFO] [stdout] 74 |     all: Vec<rocket::http::hyper::Method>,
[INFO] [stdout]    |              ^^^^^^^^^^^^^^^^^^^^^^^^^^^
[INFO] [stdout] 
[INFO] [stdout] 
[INFO] [stdout] error[E0425]: cannot find function `read_posts_by_filter_limit` in this scope
[INFO] [stdout]    --> src/main.rs:120:25
[INFO] [stdout]     |
[INFO] [stdout] 120 |     let all_posts_raw = read_posts_by_filter_limit(String::from("front"), 10); //read_some_posts(10);
[INFO] [stdout]     |                         ^^^^^^^^^^^^^^^^^^^^^^^^^^ not found in this scope
[INFO] [stdout] 
[INFO] [stdout] 
[INFO] [stdout] error[E0425]: cannot find function `read_links_by_filter_limit` in this scope
[INFO] [stdout]    --> src/main.rs:121:29
[INFO] [stdout]     |
[INFO] [stdout] 121 |     let regular_links_raw = read_links_by_filter_limit(String::from("regular"), 10);
[INFO] [stdout]     |                             ^^^^^^^^^^^^^^^^^^^^^^^^^^ not found in this scope
[INFO] [stdout] 
[INFO] [stdout] 
[INFO] [stdout] error[E0425]: cannot find function `read_links_by_filter_limit` in this scope
[INFO] [stdout]    --> src/main.rs:122:28
[INFO] [stdout]     |
[INFO] [stdout] 122 |     let thingy_links_raw = read_links_by_filter_limit(String::from("thingy"), 10);
[INFO] [stdout]     |                            ^^^^^^^^^^^^^^^^^^^^^^^^^^ not found in this scope
[INFO] [stdout] 
[INFO] [stdout] 
[INFO] [stdout] error[E0425]: cannot find function `read_links_by_filter_limit` in this scope
[INFO] [stdout]    --> src/main.rs:123:25
[INFO] [stdout]     |
[INFO] [stdout] 123 |     let tut_links_raw = read_links_by_filter_limit(String::from("tut"), 10);
[INFO] [stdout]     |                         ^^^^^^^^^^^^^^^^^^^^^^^^^^ not found in this scope
[INFO] [stdout] 
[INFO] [stdout] 
[INFO] [stdout] error[E0425]: cannot find function `read_posts_by_filter_limit` in this scope
[INFO] [stdout]    --> src/main.rs:143:16
[INFO] [stdout]     |
[INFO] [stdout] 143 |         posts: read_posts_by_filter_limit(String::from("fiction"), 10),
[INFO] [stdout]     |                ^^^^^^^^^^^^^^^^^^^^^^^^^^ not found in this scope
[INFO] [stdout] 
[INFO] [stdout] 
[INFO] [stdout] error[E0425]: cannot find function `read_all_posts` in this scope
[INFO] [stdout]    --> src/main.rs:151:16
[INFO] [stdout]     |
[INFO] [stdout] 151 |         posts: read_all_posts(),
[INFO] [stdout]     |                ^^^^^^^^^^^^^^ not found in this scope
[INFO] [stdout] 
[INFO] [stdout] 
[INFO] [stdout] error[E0425]: cannot find function `read_post` in this scope
[INFO] [stdout]    --> src/main.rs:159:16
[INFO] [stdout]     |
[INFO] [stdout] 159 |     let post = read_post(post_id);
[INFO] [stdout]     |                ^^^^^^^^^ not found in this scope
[INFO] [stdout] 
[INFO] [stdout] 
[INFO] [stdout] error[E0425]: cannot find function `read_all_links` in this scope
[INFO] [stdout]    --> src/main.rs:167:16
[INFO] [stdout]     |
[INFO] [stdout] 167 |         links: read_all_links(),
[INFO] [stdout]     |                ^^^^^^^^^^^^^^ not found in this scope
[INFO] [stdout] 
[INFO] [stdout] 
[INFO] [stdout] error[E0425]: cannot find function `read_posts_by_filter_limit` in this scope
[INFO] [stdout]    --> src/main.rs:176:16
[INFO] [stdout]     |
[INFO] [stdout] 176 |         posts: read_posts_by_filter_limit(String::from("rust"), 999),
[INFO] [stdout]     |                ^^^^^^^^^^^^^^^^^^^^^^^^^^ not found in this scope
[INFO] [stdout] 
[INFO] [stdout] 
[INFO] [stdout] error[E0425]: cannot find function `read_posts_by_filter_limit` in this scope
[INFO] [stdout]    --> src/main.rs:184:16
[INFO] [stdout]     |
[INFO] [stdout] 184 |         posts: read_posts_by_filter_limit(String::from("python"), 999),
[INFO] [stdout]     |                ^^^^^^^^^^^^^^^^^^^^^^^^^^ not found in this scope
[INFO] [stdout] 
[INFO] [stdout] 
[INFO] [stdout] error[E0425]: cannot find function `read_posts_by_filter_limit` in this scope
[INFO] [stdout]    --> src/main.rs:192:16
[INFO] [stdout]     |
[INFO] [stdout] 192 |         posts: read_posts_by_filter_limit(String::from("bash"), 999),
[INFO] [stdout]     |                ^^^^^^^^^^^^^^^^^^^^^^^^^^ not found in this scope
[INFO] [stdout] 
[INFO] [stdout] 
[INFO] [stdout] error[E0425]: cannot find function `read_all_posts` in this scope
[INFO] [stdout]    --> src/main.rs:241:16
[INFO] [stdout]     |
[INFO] [stdout] 149 | fn list_all_posts() -> Template {
[INFO] [stdout]     | ------------------------------- similarly named function `list_all_posts` defined here
[INFO] [stdout] ...
[INFO] [stdout] 241 |         posts: read_all_posts(),
[INFO] [stdout]     |                ^^^^^^^^^^^^^^ help: a function with a similar name exists: `list_all_posts`
[INFO] [stdout] 
[INFO] [stdout] 
[INFO] [stdout] warning: unused import: `Error`
[INFO] [stdout]   --> src/main.rs:18:51
[INFO] [stdout]    |
[INFO] [stdout] 18 | use rocket_cors::{AllowedHeaders, AllowedOrigins, Error};
[INFO] [stdout]    |                                                   ^^^^^
[INFO] [stdout]    |
[INFO] [stdout]    = note: `#[warn(unused_imports)]` on by default
[INFO] [stdout] 
[INFO] [stdout] 
[INFO] [stdout] warning: unused imports: `CSSContent`, `JSONContent`
[INFO] [stdout]   --> src/main.rs:21:33
[INFO] [stdout]    |
[INFO] [stdout] 21 | use self::n4_draft::{MDContent, CSSContent, JSONContent, PageContent, DirContent};
[INFO] [stdout]    |                                 ^^^^^^^^^^  ^^^^^^^^^^^
[INFO] [stdout] 
[INFO] [stdout] 
[INFO] [stdout] warning: unused `#[macro_use]` import
[INFO] [stdout]   --> src/main.rs:28:1
[INFO] [stdout]    |
[INFO] [stdout] 28 | #[macro_use] extern crate rocket_cors;
[INFO] [stdout]    | ^^^^^^^^^^^^
[INFO] [stdout] 
[INFO] [stdout] 
[INFO] [stdout] error: aborting due to 38 previous errors; 3 warnings emitted
[INFO] [stdout] 
[INFO] [stdout] 
[INFO] [stdout] Some errors have detailed explanations: E0412, E0425, E0432, E0433.
[INFO] [stdout] 
[INFO] [stdout] For more information about an error, try `rustc --explain E0412`.
[INFO] [stdout] 
[INFO] [stderr] error: could not compile `rocket-gatewaynode-com`.
[INFO] [stderr] 
[INFO] [stderr] To learn more, run the command again with --verbose.
[INFO] [stderr] warning: build failed, waiting for other jobs to finish...
[INFO] [stdout] error: aborting due to 38 previous errors; 3 warnings emitted
[INFO] [stdout] 
[INFO] [stdout] 
[INFO] [stdout] Some errors have detailed explanations: E0412, E0425, E0432, E0433.
[INFO] [stdout] 
[INFO] [stdout] For more information about an error, try `rustc --explain E0412`.
[INFO] [stdout] 
[INFO] [stderr] error: build failed
[INFO] running `Command { std: "docker" "inspect" "e8340885b6d02a8a778931fa4de57e03bc14615a39f7e8af2faf4e6ad0660e50", kill_on_drop: false }`
[INFO] running `Command { std: "docker" "rm" "-f" "e8340885b6d02a8a778931fa4de57e03bc14615a39f7e8af2faf4e6ad0660e50", kill_on_drop: false }`
[INFO] [stdout] e8340885b6d02a8a778931fa4de57e03bc14615a39f7e8af2faf4e6ad0660e50
